{"id":853,"date":"2021-05-02T18:30:35","date_gmt":"2021-05-02T18:30:35","guid":{"rendered":"https:\/\/faasecuador.com\/?page_id=853"},"modified":"2023-07-27T14:56:52","modified_gmt":"2023-07-27T14:56:52","slug":"servicios-profesionales-2","status":"publish","type":"page","link":"https:\/\/faasecuador.com\/index.php\/servicios-profesionales-2\/","title":{"rendered":"SERVICIOS PROFESIONALES"},"content":{"rendered":"<div class=\"brz-root__container brz-reset-all\">\n<section data-uid=\"tmqjplvnjrvtubpjzmgnqqdkigkllalcdlbt\" id=\"tmqjplvnjrvtubpjzmgnqqdkigkllalcdlbt\" class=\"brz-section brz-css-cvkvj brz-css-jkzto\">\n<div class=\"brz-slick-slider brz-slick-slider__section\" data-slides-to-show=\"1\" data-slides-to-scroll=\"1\" data-arrows=\"true\" data-dots=\"true\" data-dots-class=\"brz-slick-slider__dots brz-slick-slider__dots--circle\" data-fade=\"false\" data-vertical=\"false\" data-auto-play=\"true\" data-auto-play-speed=\"5000\" data-swipe=\"true\" data-responsive=\"%5B%7B%22breakpoint%22%3A767%2C%22settings%22%3A%7B%22slidesToShow%22%3A1%2C%22slidesToScroll%22%3A1%7D%7D%5D\">\n<div>\n<div class=\"brz-section__content brz-section--boxed brz-css-wfbbt brz-css-fagtq\" data-custom-id=\"uevbnljgzbfspjoaxyspnyzpoiewhrramnri\">\n<div class=\"brz-bg overflow-hidden !z-auto absolute top-0 left-0 w-full h-full\">\n<div class=\"brz-bg-image absolute left-0 w-full bg-no-repeat top-0 h-full bg-cover\"><\/div>\n<\/div>\n<div class=\"brz-container brz-css-liocx\">\n<div class=\"brz-css-bjjfl brz-css-pnfqb brz-css-kaafm brz-wrapper\">\n<div class=\"brz-spacer brz-css-muars brz-css-hhdjt\"><\/div>\n<\/div>\n<\/div>\n<\/div>\n<\/div>\n<div>\n<div class=\"brz-section__content brz-section--boxed brz-css-wfbbt brz-css-gjedm\" data-custom-id=\"ynqsaveihphveomqtdfzzastnqejxwkmxxff\">\n<div class=\"brz-bg overflow-hidden !z-auto absolute top-0 left-0 w-full h-full\">\n<div class=\"brz-bg-image absolute left-0 w-full bg-no-repeat top-0 h-full bg-cover\"><\/div>\n<\/div>\n<div class=\"brz-container brz-css-liocx\"><\/div>\n<\/div>\n<\/div>\n<div>\n<div class=\"brz-section__content brz-section--boxed brz-css-wfbbt brz-css-fgkld\" data-custom-id=\"hyqrpjsxyuesxqgzfzznkbzacbjjfzkfovbk\">\n<div class=\"brz-bg overflow-hidden !z-auto absolute top-0 left-0 w-full h-full\">\n<div class=\"brz-bg-image absolute left-0 w-full bg-no-repeat top-0 h-full bg-cover\"><\/div>\n<\/div>\n<div class=\"brz-container brz-css-liocx\"><\/div>\n<\/div>\n<\/div>\n<\/div>\n<\/section>\n<section data-uid=\"gebckpjhktfxaqkzxchcoaamivyqysxfpwnq\" id=\"gebckpjhktfxaqkzxchcoaamivyqysxfpwnq\" class=\"brz-section brz-css-cvkvj brz-css-oxzur\">\n<div class=\"brz-section__content brz-section--boxed brz-css-wfbbt brz-css-hfayv\" data-custom-id=\"gxvetacdjooezcdbdfdaqgrzeoqqcetsdxud\">\n<div class=\"brz-container brz-css-liocx brz-css-hmzfa\">\n<div class=\"brz-css-bjjfl brz-wrapper\">\n<div class=\"brz-rich-text brz-rich-text__custom brz-css-lwpdc\" data-custom-id=\"qbjjtjbqiyrsjnzwuryoeeepolwfkkmtfinu\">\n<div>\n<h1 class=\"brz-text-lg-center brz-tp-heading1 brz-css-viaqk\"><span class=\"brz-cp-color2\">SERVICIOS PROFESIONALES<\/span><\/h1>\n<\/div>\n<\/div>\n<\/div>\n<div class=\"brz-css-bjjfl brz-css-eaanc brz-wrapper\">\n<div class=\"brz-rich-text brz-rich-text__custom brz-css-lwpdc\" data-custom-id=\"lntodyzjqvfidqeblhbumyhmtqcvszqolglk\">\n<div>\n<p class=\"brz-text-lg-justify brz-tp-subtitle brz-text-xs-left brz-css-gbsct\"><span class=\"brz-cp-color7\">Nuestras Alianzas, nos permite contar con personal especializado para brindar servicio a la comunidad en el asesoramiento profesional los mismos que se desempe\u00f1an en los siguientes campos:<\/span><\/p>\n<\/div>\n<\/div>\n<\/div>\n<div class=\"brz-wrapper-clone brz-css-qriyq\">\n<div class=\"brz-d-xs-flex brz-flex-xs-wrap brz-css-saees\">\n<div class=\"brz-wrapper-clone__item brz-css-ixhzk\" id=\"bylaqifmgmbuvvkhdwqpesqgotrdfhoaqmyn\"><a class=\"brz-a brz-btn brz-css-icgsn brz-css-upnvd\" href=\"https:\/\/api.whatsapp.com\/send?phone=593969682439&amp;text=Hola,%20necesito%20m%C3%A1s%20informaci%C3%B3n%F0%9F%97%92%EF%B8%8F%F0%9F%96%8A%EF%B8%8F\" target=\"_self\" rel=\"noopener\" data-brz-link-type=\"external\" data-custom-id=\"bylaqifmgmbuvvkhdwqpesqgotrdfhoaqmyn\"><span class=\"brz-span brz-text__editor\">WhatsApp<\/span><\/a><\/div>\n<\/div>\n<\/div>\n<\/div>\n<\/div>\n<\/section>\n<section data-uid=\"ibeqarumaprtfaxfgmrowmcpvfhlfatuxxyu\" id=\"ibeqarumaprtfaxfgmrowmcpvfhlfatuxxyu\" class=\"brz-section brz-css-cvkvj brz-css-pdmmh\">\n<div class=\"brz-section__content brz-section--boxed brz-css-wfbbt brz-css-hwtpp\" data-custom-id=\"uscsdlilninyxqwjwnysswbohqxmncwpglkg\">\n<div class=\"brz-container brz-css-liocx\">\n<div class=\"brz-row__container brz-css-jxzjg\" data-custom-id=\"dojjnxzgqwtlmzvmokfzgqtrtgewwivylbpt\">\n<div class=\"brz-bg overflow-hidden !z-auto absolute top-0 left-0 w-full h-full\"><\/div>\n<div class=\"brz-row brz-css-ymeam brz-css-tyeya\">\n<div class=\"brz-columns brz-css-jfcbm\" data-custom-id=\"kejzkseaepymvknyyizttpvxuzroqezckran\">\n<div class=\"brz-column__items brz-css-kactx brz-css-didnb\">\n<div class=\"brz-row__container brz-css-jxzjg\" data-custom-id=\"vtffupmhwvcdfelnqmjkhgnpoollzdaecdvt\">\n<div class=\"brz-bg overflow-hidden !z-auto absolute top-0 left-0 w-full h-full\"><\/div>\n<div class=\"brz-row brz-row--inner brz-css-ymeam brz-css-tyeya\">\n<div class=\"brz-columns brz-css-jfcbm brz-css-vpjou\" data-custom-id=\"ktezuvwdtndiaylifpnbjmabftxrbtacjedk\">\n<div class=\"brz-column__items brz-css-kactx brz-css-xovvt\">\n<div class=\"brz-css-bjjfl brz-wrapper\">\n<div class=\"brz-image brz-css-ylsld brz-css-yothi\" data-custom-id=\"eeedksjffndsmbtkwuealjnbmjkqqgcsqjek\"><img decoding=\"async\" class=\"brz-img\" src=\"https:\/\/faasecuador.com\/?brizy_media=wp-7b079c10b985ff138a1f3fef7f3566ac.png&amp;brizy_crop=iW%3D620%26iH%3D438%26oX%3D47%26oY%3D0%26cW%3D525%26cH%3D438\" alt=\"\" loading=\"lazy\"><\/div>\n<\/div>\n<div class=\"brz-css-bjjfl brz-wrapper\">\n<div class=\"brz-rich-text brz-rich-text__custom brz-css-lwpdc\" data-custom-id=\"alkcswpeimbytpbtkzlpsuepyuwgvwjnupyg\">\n<div>\n<h4 class=\"brz-tp-heading4 brz-css-hqwpg\"><span class=\"brz-cp-color2\">Abogados<\/span><\/h4>\n<\/div>\n<\/div>\n<\/div>\n<div class=\"brz-css-bjjfl brz-css-hphxd brz-wrapper\">\n<div class=\"brz-rich-text brz-rich-text__custom brz-css-lwpdc\" data-custom-id=\"emsuvlhfocvexmcswprcvubmmxfhbfjmqyay\">\n<div>\n<p class=\"brz-tp-paragraph brz-css-pydws\"><span class=\"brz-cp-color7\">Todos los tr\u00e1mites y procesos de gran sensibilidad en materia Laboral y Seguridad Social, Derechos de Familia, Propiedad Intelectual, Tributario, Penal.<\/span><\/p>\n<\/div>\n<\/div>\n<\/div>\n<\/div>\n<\/div>\n<\/div>\n<\/div>\n<div class=\"brz-css-bjjfl brz-wrapper\">\n<div class=\"brz-image brz-css-klhwi brz-css-ablmz\" data-custom-id=\"cuftmerpkoqtuwsjlilbldwkpqlwnmzeqfzm\"><img decoding=\"async\" class=\"brz-img\" src=\"https:\/\/faasecuador.com\/?brizy_media=wp-3cfa2fb1bdcb164e7a966005079b3fda.png&amp;brizy_crop=iW%3D655%26iH%3D463%26oX%3D50%26oY%3D0%26cW%3D555%26cH%3D463\" alt=\"\" loading=\"lazy\"><\/div>\n<\/div>\n<div class=\"brz-css-bjjfl brz-wrapper\">\n<div class=\"brz-rich-text brz-rich-text__custom brz-css-lwpdc\" data-custom-id=\"bwaevnptsrlxanocjywgtdxwqmpkpiabbosq\">\n<div>\n<h4 class=\"brz-tp-heading4 brz-css-rkwye\"><span class=\"brz-cp-color2\">Ingenier\u00eda en Sistemas Inform\u00e1ticos<\/span><\/h4>\n<\/div>\n<\/div>\n<\/div>\n<div class=\"brz-css-bjjfl brz-css-dutsd brz-wrapper\">\n<div class=\"brz-rich-text brz-rich-text__custom brz-css-lwpdc\" data-custom-id=\"kwoakrgcizcldmakeezmslsrbjnhqgumzzyw\">\n<div>\n<p class=\"brz-tp-paragraph brz-css-ilgns\"><span class=\"brz-cp-color7\">Reparaci\u00f3n y mantenimiento de ordenadores port\u00e1tiles, de escritorio, reinstalaci\u00f3n de sistemas, recuperaci\u00f3n de datos, copias de seguridad, asistencia remota, configuraci\u00f3n de correos, limpieza de ventilador, cambio disco duro, reparaci\u00f3n de puerto de carga, sustituci\u00f3n de la pantalla, mantenimiento de impresoras.<\/span><\/p>\n<\/div>\n<\/div>\n<\/div>\n<\/div>\n<\/div>\n<div class=\"brz-columns brz-css-jfcbm\" data-custom-id=\"prtvmjsrcaqgzwtpcohuunnblqnggaaxpnbo\">\n<div class=\"brz-column__items brz-css-kactx brz-css-twqiv\">\n<div class=\"brz-row__container brz-css-jxzjg\" data-custom-id=\"zxtrvuedppuzaqwikucpuetiddrchvkkqsrf\">\n<div class=\"brz-bg overflow-hidden !z-auto absolute top-0 left-0 w-full h-full\"><\/div>\n<div class=\"brz-row brz-row--inner brz-css-ymeam brz-css-tyeya\">\n<div class=\"brz-columns brz-css-jfcbm brz-css-wfock\" data-custom-id=\"aojfazlybtklopnuoscaccslwgrqltdljkix\">\n<div class=\"brz-bg overflow-hidden !z-auto absolute top-0 left-0 w-full h-full\"><\/div>\n<div class=\"brz-column__items brz-css-kactx brz-css-jzysi\">\n<div class=\"brz-css-bjjfl brz-wrapper\">\n<div class=\"brz-image brz-css-pkraq brz-css-eznzh\" data-custom-id=\"wauijhnlzhmwsczsidezsujtrtixsmwaaswy\"><img decoding=\"async\" class=\"brz-img\" src=\"https:\/\/faasecuador.com\/?brizy_media=wp-e173a4b89d801209e9e6b1a5d30cd3ee.png&amp;brizy_crop=iW%3D625%26iH%3D441%26oX%3D50%26oY%3D0%26cW%3D525%26cH%3D441\" alt=\"\" loading=\"lazy\"><\/div>\n<\/div>\n<div class=\"brz-css-bjjfl brz-wrapper\">\n<div class=\"brz-rich-text brz-rich-text__custom brz-css-lwpdc\" data-custom-id=\"vodotvxrpdfqvapupaocecpnwjnuhknkveon\">\n<div>\n<h4 class=\"brz-tp-heading4 brz-css-xiomz\"><span class=\"brz-cp-color2\">Ingenier\u00eda en Dise\u00f1o Gr\u00e1fico<\/span><\/h4>\n<\/div>\n<\/div>\n<\/div>\n<div class=\"brz-css-bjjfl brz-css-rvxja brz-wrapper\">\n<div class=\"brz-rich-text brz-rich-text__custom brz-css-lwpdc\" data-custom-id=\"ioklbnpumzcqkvcjkrojxkdipldbjriwdoiq\">\n<div>\n<p class=\"brz-text-lg-justify brz-tp-paragraph brz-text-xs-left brz-css-gxknp\"><span class=\"brz-cp-color7\">Desarrolla la publicidad de tu empresa o negocio y aumenta el rendimiento de tus ventas a trav\u00e9s del desarrollo de P\u00e1ginas Web, Fan Page, Redes Sociales, Material Publicitario, etc.<\/span><\/p>\n<\/div>\n<\/div>\n<\/div>\n<\/div>\n<\/div>\n<\/div>\n<\/div>\n<div class=\"brz-css-bjjfl brz-wrapper\">\n<div class=\"brz-image brz-css-utdme brz-css-abzbm\" data-custom-id=\"uwlyjxusepwqkilhydhaoemniffqsngaqfqw\"><img decoding=\"async\" class=\"brz-img\" src=\"https:\/\/faasecuador.com\/?brizy_media=wp-e1e0f8b4466b0888bf06582b31afbf60.png&amp;brizy_crop=iW%3D655%26iH%3D463%26oX%3D50%26oY%3D0%26cW%3D555%26cH%3D463\" alt=\"\" loading=\"lazy\"><\/div>\n<\/div>\n<div class=\"brz-css-bjjfl brz-wrapper\">\n<div class=\"brz-rich-text brz-rich-text__custom brz-css-lwpdc\" data-custom-id=\"ijtfowghkzbigdjjsxrrtelzkwzbusitldlo\">\n<div>\n<h4 class=\"brz-tp-heading4 brz-css-cfpbt\"><span class=\"brz-cp-color2\">Contabilidad<\/span><\/h4>\n<\/div>\n<\/div>\n<\/div>\n<div class=\"brz-css-bjjfl brz-css-srzkb brz-wrapper\">\n<div class=\"brz-rich-text brz-rich-text__custom brz-css-lwpdc\" data-custom-id=\"gkhjheszwmukldwpeyjvfrxtfgwejxbxktrj\">\n<div>\n<p class=\"brz-tp-paragraph brz-css-tmboo\"><span class=\"brz-cp-color7\">Documentar informes financieros, revisar libros contables, analizar ganancias y gastos, elaboraci\u00f3n de balances financieros, conciliaciones, impuestos, SRI, IESS, tr\u00e1mites con el Ministerio de Trabajo, Super Intendencia de Compa\u00f1\u00edas, devoluci\u00f3n de Impuesto a la Renta, Iva para la tercera edad.<\/span><\/p>\n<\/div>\n<\/div>\n<\/div>\n<\/div>\n<\/div>\n<\/div>\n<\/div>\n<div class=\"brz-wrapper-clone brz-css-qriyq\">\n<div class=\"brz-d-xs-flex brz-flex-xs-wrap brz-css-saees\">\n<div class=\"brz-wrapper-clone__item brz-css-ixhzk\" id=\"fvsybgepjkvxvmzytnnmomsfejfewjaqqhvf\"><a class=\"brz-a brz-btn brz-css-icgsn brz-css-dzdoa\" href=\"https:\/\/api.whatsapp.com\/send?phone=593969682439&amp;text=Hola,%20necesito%20m%C3%A1s%20informaci%C3%B3n%F0%9F%97%92%EF%B8%8F%F0%9F%96%8A%EF%B8%8F\" target=\"_self\" rel=\"noopener\" data-brz-link-type=\"external\" data-custom-id=\"fvsybgepjkvxvmzytnnmomsfejfewjaqqhvf\"><span class=\"brz-span brz-text__editor\">WhatsApp<\/span><\/a><\/div>\n<\/div>\n<\/div>\n<\/div>\n<\/div>\n<\/section>\n<section data-uid=\"aajctpqplbhxkmftonajedvyzmmddveunrxw\" id=\"aajctpqplbhxkmftonajedvyzmmddveunrxw\" class=\"brz-section brz-css-cvkvj brz-css-efqeo\">\n<div class=\"brz-section__content brz-section--boxed brz-css-wfbbt brz-css-ddety\" data-custom-id=\"ryxwcbppughulwhrosmryhpbvqoemygswvio\">\n<div class=\"brz-bg overflow-hidden !z-auto absolute top-0 left-0 w-full h-full\">\n<div class=\"brz-bg-color absolute top-0 left-0 w-full h-full\"><\/div>\n<\/div>\n<div class=\"brz-container brz-css-liocx\">\n<div class=\"brz-css-bjjfl brz-css-pnfqb brz-css-isiqq brz-wrapper\">\n<div class=\"brz-spacer brz-css-muars brz-css-eutgo\"><\/div>\n<\/div>\n<\/div>\n<\/div>\n<\/section>\n<\/div>\n<p>    <!-- version:1690469812 --><\/p>\n","protected":false},"excerpt":{"rendered":"<p>SERVICIOS PROFESIONALES Nuestras Alianzas, nos permite contar con personal especializado para brindar servicio a la comunidad en el asesoramiento profesional los mismos que se desempe\u00f1an en los siguientes campos: WhatsApp Abogados Todos los tr\u00e1mites y procesos de gran sensibilidad en materia Laboral y Seguridad Social, Derechos de Familia, Propiedad Intelectual, Tributario, Penal. Ingenier\u00eda en Sistemas [&hellip;]<\/p>\n","protected":false},"author":1,"featured_media":0,"parent":0,"menu_order":70,"comment_status":"closed","ping_status":"closed","template":"","meta":{"om_disable_all_campaigns":false,"_monsterinsights_skip_tracking":false,"_monsterinsights_sitenote_active":false,"_monsterinsights_sitenote_note":"","_monsterinsights_sitenote_category":0,"footnotes":""},"class_list":["post-853","page","type-page","status-publish","hentry"],"_links":{"self":[{"href":"https:\/\/faasecuador.com\/index.php\/wp-json\/wp\/v2\/pages\/853","targetHints":{"allow":["GET"]}}],"collection":[{"href":"https:\/\/faasecuador.com\/index.php\/wp-json\/wp\/v2\/pages"}],"about":[{"href":"https:\/\/faasecuador.com\/index.php\/wp-json\/wp\/v2\/types\/page"}],"author":[{"embeddable":true,"href":"https:\/\/faasecuador.com\/index.php\/wp-json\/wp\/v2\/users\/1"}],"replies":[{"embeddable":true,"href":"https:\/\/faasecuador.com\/index.php\/wp-json\/wp\/v2\/comments?post=853"}],"version-history":[{"count":30,"href":"https:\/\/faasecuador.com\/index.php\/wp-json\/wp\/v2\/pages\/853\/revisions"}],"predecessor-version":[{"id":1217,"href":"https:\/\/faasecuador.com\/index.php\/wp-json\/wp\/v2\/pages\/853\/revisions\/1217"}],"wp:attachment":[{"href":"https:\/\/faasecuador.com\/index.php\/wp-json\/wp\/v2\/media?parent=853"}],"curies":[{"name":"wp","href":"https:\/\/api.w.org\/{rel}","templated":true}]}}