{"id":653,"date":"2021-04-25T18:02:07","date_gmt":"2021-04-25T18:02:07","guid":{"rendered":"https:\/\/faasecuador.com\/?page_id=653"},"modified":"2023-07-27T14:57:31","modified_gmt":"2023-07-27T14:57:31","slug":"nosotros","status":"publish","type":"page","link":"https:\/\/faasecuador.com\/index.php\/nosotros\/","title":{"rendered":"Nosotros"},"content":{"rendered":"<div class=\"brz-root__container brz-reset-all\">\n<section data-uid=\"mtxjqinpyxwevdqasphciwkwsybleozpfjxu\" id=\"mtxjqinpyxwevdqasphciwkwsybleozpfjxu\" class=\"brz-section brz-css-gzjbi brz-css-bcagd\">\n<div class=\"brz-slick-slider brz-slick-slider__section\" data-slides-to-show=\"1\" data-slides-to-scroll=\"1\" data-arrows=\"true\" data-dots=\"true\" data-dots-class=\"brz-slick-slider__dots brz-slick-slider__dots--circle\" data-fade=\"false\" data-vertical=\"false\" data-auto-play=\"true\" data-auto-play-speed=\"5000\" data-swipe=\"true\" data-responsive=\"%5B%7B%22breakpoint%22%3A767%2C%22settings%22%3A%7B%22slidesToShow%22%3A1%2C%22slidesToScroll%22%3A1%7D%7D%5D\">\n<div>\n<div class=\"brz-section__content brz-section--boxed brz-css-cksxi brz-css-uuhrz\" data-custom-id=\"fakirhqcdonjnqttzpjzhmjjadnmgtpjmmwe\">\n<div class=\"brz-bg overflow-hidden !z-auto absolute top-0 left-0 w-full h-full\">\n<div class=\"brz-bg-image absolute left-0 w-full bg-no-repeat top-0 h-full bg-cover\"><\/div>\n<\/div>\n<div class=\"brz-container brz-css-yvufv\">\n<div class=\"brz-css-hagag brz-css-epzci brz-css-pqpzw brz-wrapper\">\n<div class=\"brz-spacer brz-css-hephc brz-css-lyrul\"><\/div>\n<\/div>\n<\/div>\n<\/div>\n<\/div>\n<\/div>\n<\/section>\n<section data-uid=\"gazvtewugvvatfnngzfxzkaxcdtjslzirxkd\" id=\"gazvtewugvvatfnngzfxzkaxcdtjslzirxkd\" class=\"brz-section brz-css-gzjbi\">\n<div class=\"brz-section__content brz-section--boxed brz-css-cksxi brz-css-fcqxr\" data-custom-id=\"fcqyjnxgsjspwaowldcykmblphwfatagqwms\">\n<div class=\"brz-bg overflow-hidden !z-auto absolute top-0 left-0 w-full h-full\">\n<div class=\"brz-bg-color absolute top-0 left-0 w-full h-full\"><\/div>\n<\/div>\n<div class=\"brz-container brz-css-yvufv\">\n<div class=\"brz-row__container brz-css-rhqyq\" data-custom-id=\"qpumomlbaeggmwgpmzkufztymzossqwlzwmv\">\n<div class=\"brz-bg overflow-hidden !z-auto absolute top-0 left-0 w-full h-full\"><\/div>\n<div class=\"brz-row brz-css-ejacq brz-css-urzte\">\n<div class=\"brz-columns brz-css-sgoiw brz-css-jkejd\" data-custom-id=\"ukwtdefidrvwcafjkeenmuccyfxkzkqbebpm\">\n<div class=\"brz-column__items brz-css-badqo brz-css-exdyy\">\n<div class=\"brz-css-hagag brz-css-jsbdd brz-wrapper\">\n<div class=\"brz-rich-text brz-rich-text__custom brz-css-hnmxx\" data-custom-id=\"znppncslilvafpoacpcogemnzyzklhffxsdi\">\n<div>\n<h2 class=\"brz-text-xs-center brz-tp-heading2 brz-css-gbslv\"><span class=\"brz-cp-color2\">Acerca de Nosotros<\/span><\/h2>\n<\/div>\n<\/div>\n<\/div>\n<div class=\"brz-css-hagag brz-css-jnxjh brz-wrapper\">\n<div class=\"brz-rich-text brz-rich-text__custom brz-css-hnmxx\" data-custom-id=\"vwqajscdxjwjosaxmtgikvmhhmwamppljtsy\">\n<div>\n<p class=\"brz-text-lg-justify brz-tp-subtitle brz-text-xs-left brz-css-tikzz\"><span>Somos una empresa especializada en la prestaci\u00f3n de servicios a domicilio, comprometida con nuestra comunidad a nivel profesional, moral, \u00e9tico y medio ambiental, contamos con profesionales altamente calificados y competitivos para solventar todas sus necesidades en las \u00e1reas que as\u00ed lo requieran, por esta raz\u00f3n ponemos a&nbsp;disposici\u00f3n de la comunidad servicios pr\u00e1cticos que sean de gran ayuda en tu entorno social, los mismos que est\u00e1n relacionados en temas de educaci\u00f3n, salud e higiene, servicios profesionales y mantenimiento t\u00e9cnico; enfocado al desarrollo de una mejor calidad de vida y confort. En la actualidad a nivel global se destaca una serie de dificultades que encuentra la sociedad en su diario vivir, debido a la diversidad de actividades y responsabilidades al que est\u00e1 sujeto en los diferentes ambientes donde se desempe\u00f1a el ser humano. FAAS, quiere proveer de una mano amiga que te acompa\u00f1e a alcanzar tus prop\u00f3sitos, que vele por tu bienestar; apoyando cada una de tus decisiones. Hemos creado alianzas y lazos de uni\u00f3n que nos permitan ofertar no solo la calidad en servicio si no tambi\u00e9n la candidez humana a trav\u00e9s de nuestro equipo de trabajo que esta gustoso de satisfacer sus necesidades; contamos con todas la medidas de bioseguridad para su mayor seguridad y confianza.<\/span><\/p>\n<\/div>\n<\/div>\n<\/div>\n<div class=\"brz-css-hagag brz-css-urtdx brz-wrapper\">\n<div class=\"brz-accordion brz-css-nhoot brz-css-otzhe\" data-duration=\"300\" data-custom-id=\"amnicjxigqwirzkrkyeygxqjjtvsiicgqflt\">\n<div class=\"brz-accordion__item\">\n<div class=\"brz-accordion__nav\" data-collapsible=\"on\"><span class=\"brz-accordion__nav-title brz-span brz-text__editor\">Objetivo general<\/span><\/div>\n<div class=\"brz-accordion__content brz-d-xs-flex brz-flex-xs-column\">\n<div class=\"brz-accordion__item-content brz-d-xs-flex brz-flex-xs-column\">\n<div class=\"brz-css-hagag brz-css-vjyir brz-wrapper\">\n<div class=\"brz-icon-text brz-css-fpcmu\" data-custom-id=\"icwsnroryzrmihbhepllplijerwiocfsnocv\">\n<div class=\"brz-icon__container\" data-custom-id=\"kujxeufelgymudeqenjcxcsmrgwivxzzmljs\"><span class=\"brz-icon brz-span brz-css-thluz brz-css-kgqoy\"><!--! Font Awesome Free 6.4.0 by @fontawesome - https:\/\/fontawesome.com License - https:\/\/fontawesome.com\/license\/free (Icons: CC BY 4.0, Fonts: SIL OFL 1.1, Code: MIT License) Copyright 2023 Fonticons, Inc. --><\/span><\/div>\n<div class=\"brz-text-btn\">\n<div class=\"brz-rich-text brz-rich-text__custom brz-css-hnmxx\" data-custom-id=\"tgolhjiyynthotsxsgoryfjuwiqjkppldlbv\">\n<div>\n<h4 class=\"brz-tp-paragraph brz-text-lg-justify brz-mt-lg-5 brz-mb-lg-15 brz-text-xs-left brz-css-jilql\"><span>Proporcionar personal capacitado y profesional para brindar el servicio de asistencia y apoyo a todas las personas que precisen un soporte integral en el \u00e1mbito de bienestar familiar y empresarial; relacionado con el \u00e1rea de la salud, higiene, cuidado, protecci\u00f3n, asesoramiento t\u00e9cnico y servicios profesionales. Permitiendo una vida plena y satisfactoria para cada usuario.<\/span><\/h4>\n<\/div>\n<\/div>\n<\/div>\n<\/div>\n<\/div>\n<\/div>\n<\/div>\n<\/div>\n<div class=\"brz-accordion__item\">\n<div class=\"brz-accordion__nav\" data-collapsible=\"on\"><span class=\"brz-accordion__nav-title brz-span brz-text__editor\">Misi\u00f3n<\/span><\/div>\n<div class=\"brz-accordion__content brz-d-xs-flex brz-flex-xs-column\">\n<div class=\"brz-accordion__item-content brz-d-xs-flex brz-flex-xs-column\">\n<div class=\"brz-css-hagag brz-css-vmxmv brz-wrapper\">\n<div class=\"brz-icon-text brz-css-fpcmu\" data-custom-id=\"kkmqmleyvyeevrmtgamylewrbexlszwclvbn\">\n<div class=\"brz-icon__container\" data-custom-id=\"omuinwuisoriizcotnpbetubujhsiuztmvap\"><span class=\"brz-icon brz-span brz-css-thluz brz-css-imkcn\"><\/span><\/div>\n<div class=\"brz-text-btn\">\n<div class=\"brz-rich-text brz-rich-text__custom brz-css-hnmxx\" data-custom-id=\"owqpcxhhcpdunbnkbsxcpfawjywlukrjriks\">\n<div>\n<h4 class=\"brz-tp-paragraph brz-text-lg-justify brz-mt-lg-5 brz-mb-lg-15 brz-text-xs-left brz-css-swval\"><span> Brindar a la comunidad asistencia \u00e1gil, competente, personalizada y de calidad. Estamos para servir en la salud, en cuidado y protecci\u00f3n familiar; higiene, organizaci\u00f3n, limpieza, mantenimiento de tu entorno ambiental y sectores profesionales; respetando las&nbsp;nociones \u00e9ticas y morales, contribuyendo a mejorar la condici\u00f3n&nbsp;y proyecto de vida.<\/span><\/h4>\n<\/div>\n<\/div>\n<\/div>\n<\/div>\n<\/div>\n<\/div>\n<\/div>\n<\/div>\n<div class=\"brz-accordion__item\">\n<div class=\"brz-accordion__nav\" data-collapsible=\"on\"><span class=\"brz-accordion__nav-title brz-span brz-text__editor\">Visi\u00f3n<\/span><\/div>\n<div class=\"brz-accordion__content brz-d-xs-flex brz-flex-xs-column\">\n<div class=\"brz-accordion__item-content brz-d-xs-flex brz-flex-xs-column\">\n<div class=\"brz-css-hagag brz-css-xgjci brz-wrapper\">\n<div class=\"brz-icon-text brz-css-fpcmu\" data-custom-id=\"nlgrmmzqsacoaidlmeqlseyggrdzsujspmbp\">\n<div class=\"brz-icon__container\" data-custom-id=\"xlfmxyjdchgxgpcuqagnfgkjyragyqgcoett\"><span class=\"brz-icon brz-span brz-css-thluz brz-css-sdaqt\"><\/span><\/div>\n<div class=\"brz-text-btn\">\n<div class=\"brz-rich-text brz-rich-text__custom brz-css-hnmxx\" data-custom-id=\"ehuesctjuzaocrvomsvqgfwvqfhpfcrayfzl\">\n<div>\n<h4 class=\"brz-tp-paragraph brz-text-lg-justify brz-mt-lg-5 brz-mb-lg-15 brz-text-xs-left brz-css-cegvb\"><span> Ser una organizaci\u00f3n l\u00edder en el mercado a nivel nacional que brinda servicios de apoyo familiar e institucional, comprometidos para el bienestar de la sociedad.<\/span><\/h4>\n<\/div>\n<\/div>\n<\/div>\n<\/div>\n<\/div>\n<\/div>\n<\/div>\n<\/div>\n<div class=\"brz-accordion__item brz-accordion__item--active\">\n<div class=\"brz-accordion__nav\" data-collapsible=\"on\"><span class=\"brz-accordion__nav-title brz-span brz-text__editor\">Cultura Corporativa<\/span><\/div>\n<div class=\"brz-accordion__content brz-d-xs-flex brz-flex-xs-column\">\n<div class=\"brz-accordion__item-content brz-d-xs-flex brz-flex-xs-column\">\n<div class=\"brz-css-hagag brz-css-jnyxj brz-wrapper\">\n<div class=\"brz-icon-text brz-css-fpcmu\" data-custom-id=\"swleoyijnruvptyblatqnchmxabqutrpmlcf\">\n<div class=\"brz-icon__container\" data-custom-id=\"enrhhngqkbfyjqhpcsfhpiyrhzpawdumuttl\"><span class=\"brz-icon brz-span brz-css-thluz brz-css-nkcul\"><!--! Font Awesome Free 6.4.0 by @fontawesome - https:\/\/fontawesome.com License - https:\/\/fontawesome.com\/license\/free (Icons: CC BY 4.0, Fonts: SIL OFL 1.1, Code: MIT License) Copyright 2023 Fonticons, Inc. --><\/span><\/div>\n<div class=\"brz-text-btn\">\n<div class=\"brz-rich-text brz-rich-text__custom brz-css-hnmxx\" data-custom-id=\"xpnaenwhqdrwvqgdtdbfvokdbanprpoliuev\">\n<div>\n<h4 class=\"brz-tp-paragraph brz-text-lg-justify brz-mt-lg-5 brz-mb-lg-15 brz-text-xs-left brz-css-qefsk\"><span> La cultura corporativa es un determinante para el \u00e9xito de nuestra empresa; es as\u00ed que nuestra filosof\u00eda se dirige principalmente a crear redes de apoyo mutuo que fortalezcan nuestros v\u00ednculos societarios con principios de amor y fe, queremos ser la soluci\u00f3n a sus inconvenientes trabajando d\u00eda a d\u00eda con a alegr\u00eda y pasi\u00f3n basado en valores y principios \u00e9ticos y morales para que ustedes como los protagonistas principales de nuestro proyecto sientan la tranquilidad de dejar en nuestras manos la realizaci\u00f3n de sus actividades a fin de obtener resultados eficientes.<\/span><\/h4>\n<\/div>\n<\/div>\n<\/div>\n<\/div>\n<\/div>\n<\/div>\n<\/div>\n<\/div>\n<\/div>\n<\/div>\n<\/div>\n<\/div>\n<div class=\"brz-columns brz-css-sgoiw brz-css-fguxg\" data-custom-id=\"hatzobtyefhuqomkqduhrtwthlpdoiskmoos\">\n<div class=\"brz-bg overflow-hidden !z-auto absolute top-0 left-0 w-full h-full\"><\/div>\n<div class=\"brz-column__items brz-css-badqo brz-css-auyly\">\n<div class=\"brz-css-hagag brz-css-czzzt brz-wrapper\">\n<div class=\"brz-image brz-css-cpuym\" data-custom-id=\"ylvecdynjgrmoexmroxowmkbrmaffbdbasws\"><img decoding=\"async\" class=\"brz-img\" src=\"https:\/\/faasecuador.com\/?brizy_media=wp-22cc736fbc354cb54cfb50a96081740e.png&amp;brizy_crop=iW%3D447%26iH%3D746%26oX%3D39%26oY%3D0%26cW%3D370%26cH%3D746\" alt=\"\" loading=\"lazy\"><\/div>\n<\/div>\n<\/div>\n<\/div>\n<\/div>\n<\/div>\n<\/div>\n<\/div>\n<\/section>\n<section data-uid=\"datxnvwdxyqwkcqrfubdsmexluglkicicvbc\" id=\"datxnvwdxyqwkcqrfubdsmexluglkicicvbc\" class=\"brz-section brz-css-gzjbi\">\n<div class=\"brz-section__content brz-section--boxed brz-css-cksxi brz-css-begco\" data-custom-id=\"laxruwudspyiavgkbpjyztdbqcqvstdkicqg\">\n<div class=\"brz-container brz-css-yvufv\">\n<div class=\"brz-row__container brz-css-rhqyq brz-css-fwvgo\" data-custom-id=\"hnsdcydmsosfdhsxgavcgdnipkhirvyfplna\">\n<div class=\"brz-bg overflow-hidden !z-auto absolute top-0 left-0 w-full h-full\"><\/div>\n<div class=\"brz-row brz-css-ejacq brz-css-urzte\">\n<div class=\"brz-columns brz-css-sgoiw brz-css-beobf\" data-custom-id=\"pcqjziikkiwlsbwxccvzttlqlydcprddbaxk\">\n<div class=\"brz-bg overflow-hidden !z-auto absolute top-0 left-0 w-full h-full\"><\/div>\n<div class=\"brz-column__items brz-css-badqo brz-css-mhowq\">\n<div class=\"brz-css-hagag brz-wrapper\">\n<div class=\"brz-image brz-css-wzmwk brz-css-tabmm\" data-custom-id=\"sxdvgwmwnpceorsixbsnjjwjbjkcjrpfjmab\"><img decoding=\"async\" class=\"brz-img\" src=\"https:\/\/faasecuador.com\/?brizy_media=wp-5dabc9f4f393765b7c1a7fd5eec5d51c.png&amp;brizy_crop=iW%3D666%26iH%3D399%26oX%3D68%26oY%3D0%26cW%3D450%26cH%3D399\" alt=\"\" loading=\"lazy\"><\/div>\n<\/div>\n<\/div>\n<\/div>\n<div class=\"brz-columns brz-css-sgoiw brz-css-vijbf\" data-custom-id=\"wnhztwsteowmitazwvirprfnlgskdlrqeenb\">\n<div class=\"brz-bg overflow-hidden !z-auto absolute top-0 left-0 w-full h-full\"><\/div>\n<div class=\"brz-column__items brz-css-badqo brz-css-yrdpf\">\n<div class=\"brz-css-hagag brz-wrapper\">\n<div class=\"brz-rich-text brz-rich-text__custom brz-css-hnmxx\" data-custom-id=\"molnwwyivduipwpnhrmvyanhfvtxrcynydad\">\n<div>\n<p class=\"brz-text-lg-justify brz-tp-heading1 brz-css-dklgd\"><span>Historia<\/span><\/p>\n<\/div>\n<\/div>\n<\/div>\n<div class=\"brz-css-hagag brz-css-epzci brz-css-ejfdz brz-wrapper\">\n<div class=\"brz-spacer brz-css-hephc brz-css-boinw\"><\/div>\n<\/div>\n<div class=\"brz-css-hagag brz-css-lrdhl brz-wrapper\">\n<div class=\"brz-rich-text brz-rich-text__custom brz-css-hnmxx\" data-custom-id=\"plhasuagitfsilctabsodtnqizqdpsezhmks\">\n<div>\n<h2 class=\"brz-fs-xs-16 brz-tp-paragraph brz-text-lg-justify brz-text-xs-left brz-css-dcajk\"><span class=\"brz-cp-color2\">La formaci\u00f3n de esta empresa surgi\u00f3 con la convicci\u00f3n de amor y coraz\u00f3n servicial que caracterizan a dos amigas y mujeres preocupadas por el bienestar que cada ser humano se merece para fortalecer su calidad de vida. Es por ello que en base a las necesidades de nuestra comunidad y propias hemos tomado la decisi\u00f3n de emprender con satisfacci\u00f3n la creaci\u00f3n de esta empresa, para as\u00ed contribuir y hacer la vida m\u00e1s f\u00e1cil a todos quienes necesiten de nuestra colaboraci\u00f3n constante dentro de la calidez de su hogar o de su empresa. Representamos la imagen de nuestra organizaci\u00f3n con un colibr\u00ed porque queremos inspirar al igual a esta ave: bondad, libertad, armon\u00eda, cambio, paz, fortaleza y valor; ellos son portadores de amor y esperanza, tienen la capacidad de alegrar el coraz\u00f3n y brindar un momento de alegr\u00eda a aquellos que lo ven aparecer por un momento, de esta forma queremos ver reflejado nuestro servicio en ustedes.<\/span><\/h2>\n<\/div>\n<\/div>\n<\/div>\n<div class=\"brz-css-hagag brz-css-epzci brz-css-hldgq brz-wrapper\">\n<div class=\"brz-spacer brz-css-hephc brz-css-xvnpp\"><\/div>\n<\/div>\n<\/div>\n<\/div>\n<\/div>\n<\/div>\n<\/div>\n<\/div>\n<\/section>\n<section data-uid=\"fmlvoyolexwibeovwkygokbihdmxsjpuannn\" id=\"fmlvoyolexwibeovwkygokbihdmxsjpuannn\" class=\"brz-section brz-css-gzjbi\">\n<div class=\"brz-section__content brz-section--boxed brz-css-cksxi brz-css-ixvdj\" data-custom-id=\"gthcllcpmxsqxcqtgcnapvjbxjpaqknvpemg\">\n<div class=\"brz-container brz-css-yvufv\">\n<div class=\"brz-row__container brz-css-rhqyq brz-css-rwrhw\" data-custom-id=\"quostosfkqxevlnzavarsuwojgloqwyrtdke\">\n<div class=\"brz-bg overflow-hidden !z-auto absolute top-0 left-0 w-full h-full\"><\/div>\n<div class=\"brz-row brz-css-ejacq brz-css-urzte\">\n<div class=\"brz-columns brz-css-sgoiw brz-css-nwnfr\" data-custom-id=\"hzfrernscdkjcqqrizehzsrhoqlncncauplx\">\n<div class=\"brz-bg overflow-hidden !z-auto absolute top-0 left-0 w-full h-full\"><\/div>\n<div class=\"brz-column__items brz-css-badqo brz-css-klmfm\">\n<div class=\"brz-css-hagag brz-css-kbbqo brz-wrapper\">\n<div class=\"brz-rich-text brz-rich-text__custom brz-css-hnmxx\" data-custom-id=\"jaklyjhwdmdinsjmmmnbfbmjflxgfzkkgxca\">\n<div>\n<p class=\"brz-tp-subtitle brz-text-lg-justify brz-text-xs-left brz-css-itlho\"><span>Nosotras hemos percibido muy de cerca la falta de una organizaci\u00f3n que brinde servicios integrales en \u00e1reas comunes y afines al desarrollo cotidiano de nuestro d\u00eda a d\u00eda;&nbsp;donde por el ritmo acelerado de vida que hoy tenemos y agregado a la serie de actividades que se destacan en nuestro ambiente, no disponemos del tiempo necesario para cumplir con todas nuestras responsabilidades y nosotras aspiramos llegar a ustedes; permiti\u00e9ndonos ser parte de su familia y empresa para proporcionarles un soporte y alivio para esas tareas que hoy por hoy se les complica cumplir. Nuestra misi\u00f3n es apoyar su proceso de progreso con servicios de calidad y lograr que tengan una experiencia vivencial \u00fanica; a trav\u00e9s de nuestro compromiso, lealtad, seguridad, empat\u00eda, valores y principios que se destacan en nuestra organizaci\u00f3n y que deseamos sean parte de nuestro crecimiento. Todos tenemos el derecho a disfrutar de una vida plena, agradable y aut\u00f3noma. Family Assistant, ha considerado que todas las personas en alg\u00fan momento de la vida, pasamos por ciertos momentos dif\u00edciles en actividades del diario vivir; el mismo que afecta al bienestar y equidad de las personas de una manera particular en temas que implican aspectos de la salud, educaci\u00f3n, entorno ambiental y familiar. FAAS, nace con el prop\u00f3sito de brindar apoyo oportuno, confianza, y sostenibilidad a responsabilidades que en muchos de los casos nuestros clientes no lo pueden realizar debido a sus compromisos, tiempo y prestigio. Es por ello que para FAAS, es una virtud aportar al desarrollo y bienestar de la comunidad, y a la vez convertirse en su mejor aliado a fin de cuidar sus intereses.<\/span><\/p>\n<\/div>\n<\/div>\n<\/div>\n<div class=\"brz-css-hagag brz-css-epzci brz-wrapper\">\n<div class=\"brz-spacer brz-css-hephc brz-css-vxart\"><\/div>\n<\/div>\n<\/div>\n<\/div>\n<\/div>\n<\/div>\n<\/div>\n<\/div>\n<\/section>\n<\/div>\n<p>    <!-- version:1690469851 --><\/p>\n","protected":false},"excerpt":{"rendered":"<p>Acerca de Nosotros Somos una empresa especializada en la prestaci\u00f3n de servicios a domicilio, comprometida con nuestra comunidad a nivel profesional, moral, \u00e9tico y medio ambiental, contamos con profesionales altamente calificados y competitivos para solventar todas sus necesidades en las \u00e1reas que as\u00ed lo requieran, por esta raz\u00f3n ponemos a&nbsp;disposici\u00f3n de la comunidad servicios pr\u00e1cticos [&hellip;]<\/p>\n","protected":false},"author":1,"featured_media":0,"parent":0,"menu_order":10,"comment_status":"closed","ping_status":"closed","template":"","meta":{"om_disable_all_campaigns":false,"_monsterinsights_skip_tracking":false,"_monsterinsights_sitenote_active":false,"_monsterinsights_sitenote_note":"","_monsterinsights_sitenote_category":0,"footnotes":""},"class_list":["post-653","page","type-page","status-publish","hentry"],"_links":{"self":[{"href":"https:\/\/faasecuador.com\/index.php\/wp-json\/wp\/v2\/pages\/653","targetHints":{"allow":["GET"]}}],"collection":[{"href":"https:\/\/faasecuador.com\/index.php\/wp-json\/wp\/v2\/pages"}],"about":[{"href":"https:\/\/faasecuador.com\/index.php\/wp-json\/wp\/v2\/types\/page"}],"author":[{"embeddable":true,"href":"https:\/\/faasecuador.com\/index.php\/wp-json\/wp\/v2\/users\/1"}],"replies":[{"embeddable":true,"href":"https:\/\/faasecuador.com\/index.php\/wp-json\/wp\/v2\/comments?post=653"}],"version-history":[{"count":30,"href":"https:\/\/faasecuador.com\/index.php\/wp-json\/wp\/v2\/pages\/653\/revisions"}],"predecessor-version":[{"id":1137,"href":"https:\/\/faasecuador.com\/index.php\/wp-json\/wp\/v2\/pages\/653\/revisions\/1137"}],"wp:attachment":[{"href":"https:\/\/faasecuador.com\/index.php\/wp-json\/wp\/v2\/media?parent=653"}],"curies":[{"name":"wp","href":"https:\/\/api.w.org\/{rel}","templated":true}]}}